{"id":931,"date":"2021-05-14T10:58:22","date_gmt":"2021-05-14T08:58:22","guid":{"rendered":"http:\/\/www.institut-liebman.be\/?post_type=aiovg_videos&#038;p=931"},"modified":"2021-05-14T10:58:22","modified_gmt":"2021-05-14T08:58:22","slug":"session-1-colloque-la-commune-de-paris-il-y-a-150-ans-quelles-relectures-aujourdhui-avec-jean-louis-robert-laure-godineau-et-marc-cesar","status":"publish","type":"aiovg_videos","link":"https:\/\/www.institut-liebman.be\/index.php\/aiovg_videos\/session-1-colloque-la-commune-de-paris-il-y-a-150-ans-quelles-relectures-aujourdhui-avec-jean-louis-robert-laure-godineau-et-marc-cesar\/","title":{"rendered":"Session 1 &#8211; Colloque \u00ab\u00a0La Commune de Paris, il y a 150 ans. Quelles relectures aujourd&rsquo;hui ?\u00a0\u00bb &#8211; Avec Jean-Louis Robert, Laure Godineau et Marc C\u00e9sar"},"content":{"rendered":"<div class=\"style-scope ytd-video-secondary-info-renderer\"><span class=\"style-scope yt-formatted-string\" dir=\"auto\">Colloque en ligne (en 4 sessions) &#8211; 1\u00e8re session &#8211; lundi 3 mai 2021 (pr\u00e9sidence : Nicolas Verschueren, ULB) <\/span><\/div>\n<div class=\"style-scope ytd-video-secondary-info-renderer\"><span class=\"style-scope yt-formatted-string\" dir=\"auto\">\u2022 17h : Histoire et m\u00e9moire de la Commune &#8211; Jean-Louis Robert (professeur \u00e9m\u00e9rite, Universit\u00e9 Paris 1 et pr\u00e9sident d&rsquo;honneur des Amies et Amis de la Commune) <\/span><\/div>\n<div class=\"style-scope ytd-video-secondary-info-renderer\"><span class=\"style-scope yt-formatted-string\" dir=\"auto\">\u2022 17h30 : Relecture de la Commune, \u00e9crire l\u2019histoire de la Commune de Paris &#8211; Marc C\u00e9sar (enseignant et chercheur \u00e0 l&rsquo;Universit\u00e9 Paris 13) et Laure Godineau (ma\u00eetresse de conf\u00e9rences en histoire contemporaine \u00e0 l\u2019Universit\u00e9 Paris 13)<\/span><\/div>\n<div class=\"style-scope ytd-video-secondary-info-renderer\"><span class=\"style-scope yt-formatted-string\" dir=\"auto\"> \u2022 18h \u2013 Questions du public aux orateurs<\/span><\/div>\n<div><\/div>\n<div class=\"style-scope ytd-video-secondary-info-renderer\"><span class=\"style-scope yt-formatted-string\" dir=\"auto\">Colloque co-organis\u00e9 par le Centre d\u2019Histoire et de Sociologie des Gauches et l\u2019Institut Marcel Liebman, avec le soutien du FNRS et de la Facult\u00e9 de Philosophie et Sciences sociales de l\u2019ULB.<\/span><\/div>\n<div><\/div>\n<div class=\"style-scope ytd-video-secondary-info-renderer\"><span class=\"style-scope yt-formatted-string\" dir=\"auto\">Voir le programme complet du colloque :\u00a0<a href=\"https:\/\/www.institut-liebman.be\/index.php\/2021\/05\/06\/la-commune-de-paris-il-y-a-150-ans-quelles-relectures-aujourdhui-du-26-avril-au-16-mai-2021-colloque-en-ligne-exposition-en-plein-air\/\">La Commune de Paris, il y a 150 ans. Quelles relectures aujourd\u2019hui ? Du 26 avril au 16 mai 2021 \u2013 Colloque en ligne &amp; exposition en plein air \u2013 Institut Marcel Liebman (institut-liebman.be)<\/a><\/span><\/div>\n","protected":false},"excerpt":{"rendered":"<p>Colloque en ligne (en 4 sessions) &#8211; 1\u00e8re session &#8211; lundi 3 mai 2021 (pr\u00e9sidence : Nicolas Verschueren, ULB) \u2022 17h : Histoire et m\u00e9moire de la Commune &#8211; Jean-Louis Robert (professeur \u00e9m\u00e9rite, Universit\u00e9 Paris 1 et pr\u00e9sident d&rsquo;honneur des Amies et Amis de la Commune) \u2022 17h30 : Relecture de la Commune, \u00e9crire l\u2019histoire de la Commune de Paris &#8211; Marc C\u00e9sar (enseignant et chercheur \u00e0 l&rsquo;Universit\u00e9 Paris 13) et Laure Godineau (ma\u00eetresse de conf\u00e9rences en histoire contemporaine \u00e0<\/p>\n","protected":false},"author":1,"comment_status":"closed","ping_status":"closed","template":"","aiovg_categories":[],"aiovg_tags":[],"class_list":["post-931","aiovg_videos","type-aiovg_videos","status-publish","has-post-thumbnail","hentry"],"_links":{"self":[{"href":"https:\/\/www.institut-liebman.be\/index.php\/wp-json\/wp\/v2\/aiovg_videos\/931","targetHints":{"allow":["GET"]}}],"collection":[{"href":"https:\/\/www.institut-liebman.be\/index.php\/wp-json\/wp\/v2\/aiovg_videos"}],"about":[{"href":"https:\/\/www.institut-liebman.be\/index.php\/wp-json\/wp\/v2\/types\/aiovg_videos"}],"author":[{"embeddable":true,"href":"https:\/\/www.institut-liebman.be\/index.php\/wp-json\/wp\/v2\/users\/1"}],"replies":[{"embeddable":true,"href":"https:\/\/www.institut-liebman.be\/index.php\/wp-json\/wp\/v2\/comments?post=931"}],"wp:attachment":[{"href":"https:\/\/www.institut-liebman.be\/index.php\/wp-json\/wp\/v2\/media?parent=931"}],"wp:term":[{"taxonomy":"aiovg_categories","embeddable":true,"href":"https:\/\/www.institut-liebman.be\/index.php\/wp-json\/wp\/v2\/aiovg_categories?post=931"},{"taxonomy":"aiovg_tags","embeddable":true,"href":"https:\/\/www.institut-liebman.be\/index.php\/wp-json\/wp\/v2\/aiovg_tags?post=931"}],"curies":[{"name":"wp","href":"https:\/\/api.w.org\/{rel}","templated":true}]}}

Session 1 &#8211; Colloque « La Commune de Paris, il y a 150 ans. Quelles relectures aujourd&rsquo;hui ? » &#8211; Avec Jean-Louis Robert, Laure Godineau et Marc César

<div class="style-scope ytd-video-secondary-info-renderer"><span class="style-scope yt-formatted-string" dir="auto">Colloque en ligne (en 4 sessions) &#8211; 1ère session &#8211; lundi 3 mai 2021 (présidence : Nicolas Verschueren, ULB) </span></div>
<div class="style-scope ytd-video-secondary-info-renderer"><span class="style-scope yt-formatted-string" dir="auto">• 17h : Histoire et mémoire de la Commune &#8211; Jean-Louis Robert (professeur émérite, Université Paris 1 et président d&rsquo;honneur des Amies et Amis de la Commune) </span></div>
<div class="style-scope ytd-video-secondary-info-renderer"><span class="style-scope yt-formatted-string" dir="auto">• 17h30 : Relecture de la Commune, écrire l’histoire de la Commune de Paris &#8211; Marc César (enseignant et chercheur à l&rsquo;Université Paris 13) et Laure Godineau (maîtresse de conférences en histoire contemporaine à l’Université Paris 13)</span></div>
<div class="style-scope ytd-video-secondary-info-renderer"><span class="style-scope yt-formatted-string" dir="auto"> • 18h – Questions du public aux orateurs</span></div>
<div></div>
<div class="style-scope ytd-video-secondary-info-renderer"><span class="style-scope yt-formatted-string" dir="auto">Colloque co-organisé par le Centre d’Histoire et de Sociologie des Gauches et l’Institut Marcel Liebman, avec le soutien du FNRS et de la Faculté de Philosophie et Sciences sociales de l’ULB.</span></div>
<div></div>
<div class="style-scope ytd-video-secondary-info-renderer"><span class="style-scope yt-formatted-string" dir="auto">Voir le programme complet du colloque : <a href="https://www.institut-liebman.be/index.php/2021/05/06/la-commune-de-paris-il-y-a-150-ans-quelles-relectures-aujourdhui-du-26-avril-au-16-mai-2021-colloque-en-ligne-exposition-en-plein-air/">La Commune de Paris, il y a 150 ans. Quelles relectures aujourd’hui ? Du 26 avril au 16 mai 2021 – Colloque en ligne &amp; exposition en plein air – Institut Marcel Liebman (institut-liebman.be)</a></span></div>

<p>Colloque en ligne (en 4 sessions) &#8211; 1ère session &#8211; lundi 3 mai 2021 (présidence : Nicolas Verschueren, ULB) • 17h : Histoire et mémoire de la Commune &#8211; Jean-Louis Robert (professeur émérite, Université Paris 1 et président d&rsquo;honneur des Amies et Amis de la Commune) • 17h30 : Relecture de la Commune, écrire l’histoire de la Commune de Paris &#8211; Marc César (enseignant et chercheur à l&rsquo;Université Paris 13) et Laure Godineau (maîtresse de conférences en histoire contemporaine à</p>
