{"id":695,"date":"2019-11-11T13:22:11","date_gmt":"2019-11-11T12:22:11","guid":{"rendered":"http:\/\/www.institut-liebman.be\/?post_type=aiovg_videos&#038;p=695"},"modified":"2019-11-13T16:05:52","modified_gmt":"2019-11-13T15:05:52","slug":"antisemitisme-a-gauche-michel-dreyfus-universite-paris-i","status":"publish","type":"aiovg_videos","link":"https:\/\/www.institut-liebman.be\/index.php\/aiovg_videos\/antisemitisme-a-gauche-michel-dreyfus-universite-paris-i\/","title":{"rendered":"Antis\u00e9mitisme \u00e0 gauche &#8211; Michel Dreyfus"},"content":{"rendered":"<p>Antis\u00e9mitisme \u00e0 gauche &#8211; Michel Dreyfus (directeur de recherche \u00e9m\u00e9rite CNRS au Centre d&rsquo;Histoire sociale du XX\u00e8me si\u00e8cle, Universit\u00e9 Paris I) &#8211; Intervention dans le cadre du Colloque international \u00ab\u00a0R\u00e9surgences de l\u2019antis\u00e9mitisme : r\u00e9alit\u00e9s, fictions, usages\u00a0\u00bb, le mercredi 12 d\u00e9cembre (Salle Henri Janne, Institut de Sociologie, 2\u00e8me \u00e9tage, Universit\u00e9 libre de Bruxelles, Campus du Solbosch). Pr\u00e9sidence de s\u00e9ance : Francine Bolle (Ma\u00eetre de conf\u00e9rences, ULB)<\/p>\n","protected":false},"excerpt":{"rendered":"<p>Antis\u00e9mitisme \u00e0 gauche &#8211; Michel Dreyfus (directeur de recherche \u00e9m\u00e9rite CNRS au Centre d&rsquo;Histoire sociale du XX\u00e8me si\u00e8cle, Universit\u00e9 Paris I) &#8211; Intervention dans le cadre du Colloque international \u00ab\u00a0R\u00e9surgences de l\u2019antis\u00e9mitisme : r\u00e9alit\u00e9s, fictions, usages\u00a0\u00bb, le mercredi 12 d\u00e9cembre (Salle Henri Janne, Institut de Sociologie, 2\u00e8me \u00e9tage, Universit\u00e9 libre de Bruxelles, Campus du Solbosch). Pr\u00e9sidence de s\u00e9ance : Francine Bolle (Ma\u00eetre de conf\u00e9rences, ULB)<\/p>\n","protected":false},"author":3,"comment_status":"closed","ping_status":"closed","template":"","aiovg_categories":[90],"aiovg_tags":[],"class_list":["post-695","aiovg_videos","type-aiovg_videos","status-publish","has-post-thumbnail","hentry","aiovg_categories-colloque-resurgences-de-lantisemitisme"],"_links":{"self":[{"href":"https:\/\/www.institut-liebman.be\/index.php\/wp-json\/wp\/v2\/aiovg_videos\/695","targetHints":{"allow":["GET"]}}],"collection":[{"href":"https:\/\/www.institut-liebman.be\/index.php\/wp-json\/wp\/v2\/aiovg_videos"}],"about":[{"href":"https:\/\/www.institut-liebman.be\/index.php\/wp-json\/wp\/v2\/types\/aiovg_videos"}],"author":[{"embeddable":true,"href":"https:\/\/www.institut-liebman.be\/index.php\/wp-json\/wp\/v2\/users\/3"}],"replies":[{"embeddable":true,"href":"https:\/\/www.institut-liebman.be\/index.php\/wp-json\/wp\/v2\/comments?post=695"}],"wp:attachment":[{"href":"https:\/\/www.institut-liebman.be\/index.php\/wp-json\/wp\/v2\/media?parent=695"}],"wp:term":[{"taxonomy":"aiovg_categories","embeddable":true,"href":"https:\/\/www.institut-liebman.be\/index.php\/wp-json\/wp\/v2\/aiovg_categories?post=695"},{"taxonomy":"aiovg_tags","embeddable":true,"href":"https:\/\/www.institut-liebman.be\/index.php\/wp-json\/wp\/v2\/aiovg_tags?post=695"}],"curies":[{"name":"wp","href":"https:\/\/api.w.org\/{rel}","templated":true}]}}

Antisémitisme à gauche &#8211; Michel Dreyfus

<p>Antisémitisme à gauche &#8211; Michel Dreyfus (directeur de recherche émérite CNRS au Centre d&rsquo;Histoire sociale du XXème siècle, Université Paris I) &#8211; Intervention dans le cadre du Colloque international « Résurgences de l’antisémitisme : réalités, fictions, usages », le mercredi 12 décembre (Salle Henri Janne, Institut de Sociologie, 2ème étage, Université libre de Bruxelles, Campus du Solbosch). Présidence de séance : Francine Bolle (Maître de conférences, ULB)</p>
